or of 85 and z.
17
Let x be (-13)/(-26)*(3 - 1). Let t be 14/(x/1) - 3. Let b be 242/(-1)*(-4)/8. What is the highest common factor of t and b?
11
Suppose 5*q + 71 = 3*i, -2*q - i = 3*i + 44. Let x(y) = -y**3 - 15*y**2 + 16*y + 6. Let p be x(q). Calculate the highest common divisor of 24 and p.
6
Suppose -2*x = -11*x - 63. Let o = x + 49. What is the highest common divisor of o and 21?
21
Let m(u) = 143*u**3 + u**2 - 6*u + 6. Let g be m(1). What is the highest common factor of g and 32?
16
Let r = -53 - -87. Suppose w - 78 = -4*u + 4*w, -2*u + 4*w = -r. Suppose -4*y = 2*t - 86, -y - 5*t + u + 14 = 0. What is the highest common divisor of y and 4?
4
Let u be (18/8)/((-7)/(-28)). Let y be (2/(-4))/(2/4). Let v be 456/u + y/(-3). What is the highest common divisor of v and 17?
17
Let a(d) = -3*d**3 - 12*d**2 + d - 1. Let r(i) = -i**3 + 18*i**2 - 19*i + 29. Let h be r(17). Let j be a(h). What is the highest common factor of j and 23?
23
Suppose -2*c + 4 = -0*c. Suppose -4*n - 16 = 0, 0 = -f - n + 1 + c. Suppose 2*d + 65 = f*d. Calculate the highest common factor of d and 104.
13
Suppose 3*v - 54 = 3*m, 0 = 4*v + 4*m + m - 27. Let d be ((-36)/(-4) + 4)/((-2)/(-8)). What is the greatest common factor of d and v?
13
Suppose 5*y - 2*y = 0. Suppose -3*j + y = -6. Suppose v = 4*d - 63, 6 + 24 = 2*d - j*v. What is the highest common divisor of 4 and d?
4
Let j(n) = 14*n + 5 + 15*n + 6*n - 11*n. Let a be j(3). What is the greatest common factor of a and 11?
11
Let b be 20*(-48)/(-30) - 0. Suppose -4*g + 1 - 3 = 2*z, -3*g = -3*z - 3. Suppose g = -3*k + 12. What is the highest common factor of k and b?
4
Let m = -110 - -52. Let f = -48 - m. Calculate the greatest common divisor of f and 60.
10
Suppose 4*d - 4*h = 28, h = 2*d - 2*h - 11. Suppose -6*v - 171 = 4*f - v, 0 = 3*f + 2*v + 137. Let c = -9 - f. What is the greatest common divisor of c and d?
10
Let x be ((-105)/(-20))/((-6)/(-16)). Let l be (-3528)/(-280)*(-10)/(-3). Calculate the highest common factor of l and x.
14
Let r = 1332 + -532. Suppose b - 2*o - 195 = -10, 4*b = -4*o + r. What is the highest common factor of 39 and b?
39
Let a be ((-588)/(-8))/7*8. What is the greatest common divisor of a and 48?
12
Let h be 4 + (-2 - 3) + 1. Suppose -2*l + 7*l - 30 = h. Let a = 5 - 2. Calculate the greatest common divisor of l and a.
3
Let k = 898 - 565. Calculate the highest common divisor of 148 and k.
37
Suppose 2101 - 301 = 8*w. What is the highest common factor of 9 and w?
9
Suppose 6*y - 158 - 172 = 0. Let i(o) = o**3 - 6*o**2 - 5*o + 8. Let w be i(7). Calculate the highest common divisor of y and w.
11
Let o = -3 - -7. Suppose -o = n - 21. Suppose 0 = -14*p - 79 + 555. Calculate the greatest common divisor of p and n.
17
Suppose -98 + 7 = -2*o - 5*s, -3*s = 5*o - 199. Let j be 2/8 - o/(-8). What is the highest common factor of j and 5?
5
Let w(r) = r**2 + 4*r - 4. Let m be w(4). Suppose -m = 3*d - 112. Suppose 2*l + 2*l - 2*v = 58, 3 = -3*v. What is the greatest common divisor of d and l?
14
Suppose 6 = 3*h - 6. Suppose -h*f = -5*f + 75. Calculate the greatest common factor of 25 and f.
25
Let i(x) = x**2 + 13*x - 10. Let m(a) = -2*a**2 - 26*a + 21. Let c(k) = -9*i(k) - 4*m(k). Let w be c(-7). What is the highest common divisor of w and 16?
16
Let s(q) = q**2 - 6*q + 17. Let g be s(3). Calculate the highest common divisor of g and 148.
4
Let g be -3 - (3 + -8) - 0. Suppose -11*l + 12*l + 3*c - 32 = 0, g*l - c - 50 = 0. Calculate the highest common factor of l and 4.
2
Suppose 8*n + 0*n - 528 = 0. Calculate the highest common divisor of 33 and n.
33
Suppose -2*x - 4*s = -88, x - 4*s = -3*x + 200. Suppose y + x = -2*y. Let h = y - -29. Calculate the highest common divisor of 13 and h.
13
Let s be 1/(-5) - (-36)/30. Let q = 2 - s. Let g be (q/(-3))/((-10)/90). What is the highest common divisor of g and 24?
3
Suppose -4*a + 508 = 5*k, 3*a - 5*k - 98 - 248 = 0. Let w = a - 68. What is the greatest common divisor of w and 6?
6
Suppose -l + 1 = -71. Calculate the highest common divisor of l and 252.
36
Let u = 434 - 266. Suppose -4*b = -3*s - 78, b = -2*s - 15 + 40. Calculate the highest common divisor of b and u.
21
Let f = 63 - 65. Let t = 6 - f. What is the highest common factor of t and 1?
1
Suppose 3*g = 5*g + 1140. Let u be ((-2)/6)/(2/g). Let t = -63 + u. What is the highest common factor of t and 8?
8
Let d(b) = b**3 + 4*b**2 - 14*b - 1. Let u be d(5). What is the highest common factor of 490 and u?
14
Let x(y) = 16*y - 4. Let g be x(5). Suppose 2*h + 0*n - 5*n = 89, -n - 169 = -4*h. Let d = h + -23. Calculate the greatest common divisor of d and g.
19
Let u(f) = -43*f + 2. Let g = 8 - 13. Let i be u(g). What is the greatest common divisor of i and 31?
31
Let w(z) be the second derivative of z**5/20 + 3*z**4/2 + 11*z**3/3 + 9*z**2/2 - 18*z. Let m be w(-16). Calculate the greatest common factor of 13 and m.
13
Suppose -5*u + 50 = 5*a - 0*u, 4*u + 16 = 3*a. What is the greatest common divisor of a and 848?
8
Suppose 16*z - 8325 = -453. What is the highest common divisor of 12 and z?
12
Suppose -5*c = 5*t - 40, -5*t + c = -38 - 2. Let a be 69 + (0/2 - -3). What is the highest common divisor of a and t?
8
Let z be (-381)/(-12) - (-2)/8. Let r = -3 - -53. Suppose 18 = -4*n + r. What is the highest common divisor of z and n?
8
Suppose -a + 3 = -j - 0, -12 = -4*a - 3*j. Suppose 3*r = -4*b - 27 - 6, -15 = -a*r. Let m = 37 + b. Calculate the greatest common divisor of 125 and m.
25
Suppose 0 = 2*h + 3*x - 74, -x = 2*x + 6. What is the greatest common factor of 320 and h?
40
Let v(j) = 39*j - 178. Let y be v(6). What is the highest common divisor of 336 and y?
56
Let s be 3/1 + (36/(-4))/(-1). What is the greatest common divisor of s and 164?
4
Let i = -42 + 46. Let b be (0 - -1)*(8 + i). Calculate the greatest common divisor of b and 96.
12
Let t = 1582 + -1562. Calculate the highest common divisor of 84 and t.
4
Let q(r) = -8 - 24 + 25*r + 9 - 8. Let t be q(7). Calculate the highest common divisor of 18 and t.
18
Suppose -7 = -k + 3. Suppose x - 16*n = -13*n - 13, 0 = -4*n + 20. Calculate the greatest common divisor of x and k.
2
Let h(y) = y**2 - 7*y + 2. Let l be h(7). Let w = 19 - -2. Suppose w = 4*o - 19. What is the greatest common divisor of l and o?
2
Suppose 3*z + 2*l - 181 = -0*l, 3*z + 4*l = 173. Let i = 20 + -11. Calculate the greatest common factor of z and i.
9
Let c be (-3 - 0) + 7/(21/282). What is the greatest common factor of 221 and c?
13
Let s = 15 + -15. Let f = s - -14. Calculate the highest common factor of f and 154.
14
Suppose 0*i + 2*i - 846 = 4*d, d - 1234 = -3*i. What is the highest common divisor of i and 7?
7
Let u(i) = -2*i + 2. Let w = -115 + 110. Let p be u(w). Let t(k) = 10*k. Let g be t(3). What is the greatest common factor of g and p?
6
Let p = -124 + 200. Calculate the highest common divisor of 95 and p.
19
Let x(u) = -u**3 - 2*u**2 - 3*u - 1. Let b be x(-3). Calculate the highest common divisor of b and 187.
17
Let i be (-141)/15 + 9 - (-77)/5. What is the highest common factor of i and 400?
5
Suppose 1 = 5*g - 9. Let j(p) = 0*p**2 + 0*p**g + 10*p - p**2 - 5. Let n be j(5). What is the highest common factor of 8 and n?
4
Let t be ((-4)/(-1) - 3) + 54. Let v = t + -52. What is the highest common divisor of v and 2?
1
Suppose -2*l + 7*l = 5. Suppose 2*b = 13 - 5. Let c be b/1 - (-1 + l). What is the greatest common divisor of 28 and c?
4
Suppose -10*y + 9*y = -21. Let d be 1632/y - (-4)/14. Calculate the highest common factor of 26 and d.
26
Let l be -8 + 7196/98 + 4/7. Calculate the highest common divisor of l and 176.
22
Let s = -343 + 499. Let j = 129 - 225. Let u = s + j. What is the greatest common factor of 40 and u?
20
Let n(g) = 4*g**2 + 7*g + 6. Let s be n(-6). Let k(p) = p**3 + 10*p**2 - 13*p - 10. Let q be k(-11). What is the highest common factor of q and s?
12
Let c = 24 + -10. Let y(w) = -5*w - 89. Let g be y(-21). Suppose 8*z - g*z + 280 = 0. Calculate the greatest common factor of z and c.
7
Suppose 4257 = -98*p + 109*p. Calculate the highest common factor of p and 36.
9
Suppose y = 6*y - 110. What is the greatest common factor of y and 8?
2
Suppose 4*f + 7*f - 22 = 0. Let n be 39 + (f + -3)*3. What is the greatest common divisor of n and 24?
12
Su